19
Let z(t) = 3*t**3 + 2*t**2 + 1. Let r be z(-2). Let b = r - -26. What are the prime factors of b?
11
Let s(u) = u**3 + u**2 + 10. Suppose -15 = 5*c - 35. Suppose 5*l - 2*g - g = 3, -c*l = 2*g + 2. List the prime factors of s(l).
2, 5
Suppose 0 = -2*g - 10 + 38. Suppose 4*x = -10 - g. List the prime factors of 65/7 + x/21.
3
Suppose 520 = -6*n + 14*n. What are the prime factors of n?
5, 13
Let m(b) = 29*b + 6. What are the prime factors of m(2)?
2
Suppose 2*y - 8 = -2*u - 3*u, 0 = -5*u + 20. Let c(a) = -a - 3. Let l be c(y). Suppose 2*j - 4*m - 10 = -2*m, -j + 5*m = l. List the prime factors of j.
7
Let w be 1/(2 + 21/(-9)). What are the prime factors of (4 - (w - -5)) + 1?
3
Let d(v) = v**2 + 2*v + 3. Let o be d(-2). Suppose 5*l + 2*m = 30, o*l + m + 2*m = 27. Let q = 8 - l. What are the prime factors of q?
2
Let q be 4/(-14) + 44/7. Suppose -60 = -q*w + 2*w. What are the prime factors of w?
3, 5
Suppose 5*m - 545 = 430. List the prime factors of m.
3, 5, 13
Let w be 3/6 - 38/4. Suppose 7*c = -0*c + 105. Let u = c + w. List the prime factors of u.
2, 3
Let y(c) = -c**3 - 6*c**2 - 3*c - 4. Let u be y(-5). Let r = 37 + u. Let t = r - 12. What are the prime factors of t?
11
Suppose a = 3*a. Suppose 82 = 2*b - 4*i - a*i, b - 5*i - 53 = 0. List the prime factors of b.
3, 11
Suppose 5*c = 328 + 197. List the prime factors of c.
3, 5, 7
Let v(k) = -2*k + 3 - 5*k + 4*k. List the prime factors of v(-4).
3, 5
Suppose 2*z - 2*x + 6 = 0, -3*z = -2*z + x + 7. Let t(o) = 5*o + 7. Let l be t(z). List the prime factors of (24/(-9) - -2)*l.
2, 3
Let a(p) = -26*p - 2. What are the prime factors of a(-1)?
2, 3
Let f = 29 - 17. Suppose -m + f = 1. List the prime factors of m.
11
Let s = -1 + 3. Suppose -o + 3 + s = 0. List the prime factors of o.
5
Let j(a) = 3*a - 4*a - 4 - 1. Let f be j(-10). Suppose -5*c = -f - 15. What are the prime factors of c?
2
Let q(j) = -j + 4. Suppose -4*r = 4, 5*h + 5*r = 4*h. Suppose -3*g - h*o - 36 = 0, 2*g + 0*o = 2*o - 8. What are the prime factors of q(g)?
11
Suppose 0 = -5*x + o + 24, o - 1 = -2*x + 10. Suppose 2*p - 81 = -2*p - y, -x*y = 4*p - 101. What are the prime factors of p?
19
Suppose 0 = -3*i + 4*i - 10. What are the prime factors of i?
2, 5
Suppose 17*u - 804 = 14*u. List the prime factors of u.
2, 67
Let t(w) = w**2 + 3*w + 2. Let p(x) = x**3 - x**2 - x - 4. Let h be p(0). List the prime factors of t(h).
2, 3
Let k be 10/3*78/4. Suppose 5*y + 0 - k = 0. What are the prime factors of y?
13
Suppose 4*z - 192 = 20. List the prime factors of z.
53
Let c = -12 + -53. Let g = -18 - c. What are the prime factors of g?
47
Let c be -4*(1/2)/(-1). Suppose 19 = -3*a + d - 5*d, c*d = 3*a + 31. Let l = 7 - a. List the prime factors of l.
2
Let v(o) = 33*o + 19. What are the prime factors of v(6)?
7, 31
Let g(d) = 2*d + 3. List the prime factors of g(0).
3
Let s(i) = i**3 + 9*i**2 - i + 8. Let x be s(-9). Let q be (5 - 0)*18/(-15). Let v = x + q. List the prime factors of v.
11
Let y = -5 + 12. Let o(m) = -m - 2. Let n be o(-4). Suppose n = -i + y. What are the prime factors of i?
5
List the prime factors of 5*(-3 + (3 + -7)*-1).
5
Let r = 9 - 7. What are the prime factors of r?
2
Let t = -4 + 17. Let m = t + 6. What are the prime factors of m?
19
Suppose -g - 16 = g - 4*i, -4*i + 16 = 4*g. List the prime factors of (1 - g)*(2 - -2).
2
Suppose 3*z - 511 - 134 = 0. What are the prime factors of z?
5, 43
Let n(x) = -9*x - 39. Let g(d) = -4*d - 19. Let b(s) = 13*g(s) - 6*n(s). What are the prime factors of b(10)?
7
Suppose 3*y = -2*o + 25, 3*y = o - 0*o + 10. Suppose 0 = -z + 6*z - b - 31, -2*b = -o*z + 32. What are the prime factors of z?
2, 3
Let o(f) = -f**3 - f**2 - 1. Let y(g) = -2*g**3 + 14*g**2 + 17*g - 3. Let z(c) = -o(c) + y(c). What are the prime factors of z(16)?
2, 7
Let t(a) = -a**3 - 2*a**2 + 6*a - 3. What are the prime factors of t(-4)?
5
Let i be (30/25)/(6/(-20)). List the prime factors of (4/i)/(3/(-9)).
3
Suppose 3*l + 0 = 2*y + 1, 2*l - 2 = y. Suppose 0 = -3*b + 2*p + 12 - y, 2*p = 2*b - 2. What are the prime factors of b?
2, 3
List the prime factors of 9/((-9)/(-170)) - 1*-1.
3, 19
Suppose -4*r + 5*u = -109, -5*r - 2*u + 3*u = -110. List the prime factors of r.
3, 7
Suppose 2*r = -0*r + 418. What are the prime factors of r?
11, 19
Suppose 2*b + 15 = 7*b. Suppose -87 + 36 = -b*o. What are the prime factors of o?
17
Let c(t) = 2 + 4 + 7*t - 3*t**2 - 2*t**2 - t**3. Let f be c(-6). Suppose 0*n - 3*n + 12 = f. List the prime factors of n.
2
Let s(u) = -u**3 - 21*u**2 - 4*u + 16. Let g be s(-17). List the prime factors of 2/15 + g/(-60).
2, 3
Suppose 4*l - l = -3*w + 39, -5*w = -5*l - 115. Suppose 0 = 2*d - 0*d - w. What are the prime factors of d?
3
Let x be 2/((-3 + 5)/(-2)). Let h be -3*((-16)/(-6))/x. Suppose 4*z = 3*z + h. What are the prime factors of z?
2
Suppose -2*d + 398 = 4*v, v - 9 - 68 = 4*d. List the prime factors of v.
97
Let g be 3 - ((-4)/2 - 1). Suppose -2*a + g = -4. List the prime factors of a.
5
Let x(a) = a**2 + 5*a + 9. Suppose 3*i - 3*o + 33 = -6*o, -15 = 5*i - 3*o. Let s be x(i). What are the prime factors of (-26)/(-10) - (-6)/s?
3
Suppose g = 4*u - 739, 10*u - 5*u = -g + 926. What are the prime factors of u?
5, 37
Let k(d) = -d**2 + 9*d + 13. Suppose 0 = 4*p - 2*t + 3*t - 43, -3*p = -5*t - 15. What are the prime factors of k(p)?
3
Let s(o) = 2*o + 3. Let x be s(6). Let u = -6 + x. Suppose -29 + u = -4*a. List the prime factors of a.
5
Let x(f) = f**3 - 6*f**2 - 2*f - 10. List the prime factors of x(7).
5
Let v(x) = -3*x**3 + 2*x + 2*x**3 + 2*x**3 + 7 + 7*x**2. Let y be v(-7). Let b = -5 - y. List the prime factors of b.
2
Let x = 2 - -14. What are the prime factors of x?
2
Let q(c) = -14*c + 33. List the prime factors of q(-9).
3, 53
Suppose -5*v + x + 1380 = 0, -828 = -3*v - 2*x - 3*x. What are the prime factors of v?
2, 3, 23
Suppose 5*z + 4*t = 145, -3*z + t - 2*t + 80 = 0. List the prime factors of z.
5
Let h(s) be the first derivative of -3*s**5/10 - s**3/6 - s**2/2 + s + 2. Let f(n) be the first derivative of h(n). What are the prime factors of f(-1)?
2, 3
Let u(c) = 2*c + 1. Let z(w) = w**3 - 3*w**2 - 4*w + 4. Let q be z(4). Suppose 4*j + 0 - q = 0. What are the prime factors of u(j)?
3
Let b(m) = 41*m**2. List the prime factors of b(1).
41
Let c = -6 - -13. Suppose -c*a - 27 = -4*a. Let y = -4 - a. List the prime factors of y.
5
Suppose -5*n + a + 382 = 0, 4*a = 2 + 10. List the prime factors of n.
7, 11
What are the prime factors of -2*(-22 + -2 + 2)?
2, 11
Let y(g) = 3*g**2 - 3*g - 2. Let r = -8 - -6. What are the prime factors of y(r)?
2
Let p(v) be the first derivative of -v**3/3 + 3*v**2 - 3*v + 3. Let w be p(4). Suppose -2*z = -6*z - 5*b + 5, 2*b + 31 = w*z. List the prime factors of z.
5
Suppose 0 = w - 7 + 2. List the prime factors of w.
5
Suppose 2*r + 444 = 8*r. List the prime factors of r.
2, 37
Let s(v) = 19*v - 5. Let t be s(2). Suppose -b = -6 - t. List the prime factors of b.
3, 13
Suppose -2*k - 10 = 3*k. Let v be k/9 + (-908)/(-36). Suppose i = -4*i + v. List the prime factors of i.
5
Let u(n) = n**2 - 10*n - 9. Let j be u(12). What are the prime factors of 5/j*48*1?
2
Let o(u) = 3*u + 2. Let r be o(-3). Let y(n) = -3*n - 5. List the prime factors of y(r).
2
Let h(u) be the second derivative of -u**5/20 - u**4/3 + 3*u**2/2 + 3*u. Let q be h(-4). List the prime factors of (-2 + q)*(-24)/(-2).
2, 3
Let s be 30/4*(-6)/(-9). Suppose -4*w - 2*y - 131 = -s*y, 2*y + 30 = -w. What are the prime factors of ((-9)/6)/(6/w)?
2
Suppose -5*n + 1 = -3*f + 3, -3*n - 7 = 4*f. What are the prime factors of 17 - 1*(n - -2)?
2
Suppose -9*o + 100 = -4*o. List the prime factors of o.
2, 5
Let t(p) be the third derivative of p**5/60 - p**4/24 + p**2. Let j(r) = 12*r**2 - 6*r - 1. Let k(x) = j(x) - 4*t(x). What are the prime factors of k(-1)?
3
Let i(n) = n**3 - 9*n**2 + 4*n + 5. List the prime factors of i(9).
41
Let b = 0 + -10. Let a be (21/35)/((-1)/b). Suppose -2*f - a + 20 = 0. What are the prime factors of f?
7
Let l be 1 + 0 + (0 - 1). Suppose l = -a + 3, -2*d - a + 5 = -4. What are the prime factors of d?
3
Let r = 77 - -35. Suppose -2*x = -f + 20, -2*x = 5*f - 48 - r. What are the prime factors of f?
2, 3, 5
List the prime factors of (-4)/(-2) - -1 - (-62)/1.
5, 13
Let y = 3